is the units digit of 847?
7
What is the hundreds digit of 5193?
1
What is the hundreds digit of 835?
8
What is the tens digit of 2300?
0
What is the thousands digit of 4713?
4
What is the units digit of 1463?
3
What is the hundreds digit of 1389?
3
What is the tens digit of 850?
5
What is the tens digit of 9201?
0
What is the units digit of 173?
3
What is the units digit of 740?
0
What is the tens digit of 21961?
6
What is the ten thousands digit of 19987?
1
What is the thousands digit of 2396?
2
What is the hundreds digit of 965?
9
What is the tens digit of 1250?
5
What is the hundreds digit of 84586?
5
What is the hundreds digit of 1214?
2
What is the thousands digit of 6709?
6
What is the units digit of 2185?
5
What is the hundreds digit of 1467?
4
What is the hundreds digit of 158920?
9
What is the tens digit of 74?
7
What is the units digit of 33?
3
What is the units digit of 1299?
9
What is the thousands digit of 1934?
1
What is the hundreds digit of 3698?
6
What is the tens digit of 1512?
1
What is the tens digit of 82433?
3
What is the ten thousands digit of 10502?
1
What is the hundreds digit of 7661?
6
What is the hundreds digit of 5354?
3
What is the units digit of 105609?
9
What is the hundreds digit of 10955?
9
What is the units digit of 8521?
1
What is the units digit of 1706?
6
What is the ten thousands digit of 26448?
2
What is the units digit of 3381?
1
What is the hundreds digit of 20814?
8
What is the hundreds digit of 771?
7
What is the ten thousands digit of 24812?
2
What is the hundreds digit of 6977?
9
What is the units digit of 40797?
7
What is the hundreds digit of 390?
3
What is the tens digit of 7570?
7
What is the hundreds digit of 4696?
6
What is the hundreds digit of 573?
5
What is the tens digit of 1539?
3
What is the tens digit of 1890?
9
What is the hundreds digit of 10291?
2
What is the ten thousands digit of 15186?
1
What is the units digit of 1130?
0
What is the hundreds digit of 2839?
8
What is the thousands digit of 62092?
2
What is the tens digit of 4879?
7
What is the hundreds digit of 946?
9
What is the hundreds digit of 6381?
3
What is the units digit of 1?
1
What is the tens digit of 22386?
8
What is the hundreds digit of 20095?
0
What is the tens digit of 367?
6
What is the hundreds digit of 282?
2
What is the thousands digit of 1236?
1
What is the tens digit of 5151?
5
What is the hundreds digit of 6296?
2
What is the tens digit of 167?
6
What is the ten thousands digit of 101272?
0
What is the tens digit of 153?
5
What is the ten thousands digit of 16519?
1
What is the hundreds digit of 185?
1
What is the hundreds digit of 419?
4
What is the thousands digit of 2696?
2
What is the hundreds digit of 2381?
3
What is the thousands digit of 11651?
1
What is the ten thousands digit of 42886?
4
What is the hundreds digit of 69881?
8
What is the units digit of 106373?
3
What is the ten thousands digit of 26006?
2
What is the tens digit of 1194?
9
What is the tens digit of 784?
8
What is the ten thousands digit of 17344?
1
What is the tens digit of 104?
0
What is the thousands digit of 11409?
1
What is the tens digit of 27566?
6
What is the tens digit of 528?
2
What is the hundreds digit of 27071?
0
What is the units digit of 393?
3
What is the hundreds digit of 18624?
6
What is the ten thousands digit of 34782?
3
What is the ten thousands digit of 15858?
1
What is the units digit of 2716?
6
What is the ten thousands digit of 39415?
3
What is the tens digit of 1127?
2
What is the tens digit of 31851?
5
What is the hundreds digit of 13850?
8
What is the hundreds digit of 1104?
1
What is the tens digit of 7183?
8
What is the units digit of 18127?
7
What is the units digit of 44961?
1
What is the hundreds digit of 15565?
5
What is the ten thousands digit of 70627?
7
What is the hundreds digit of 973?
9
What is the tens digit of 19334?
3
What is the hundreds digit of 50915?
9
What is the tens digit of 959?
5
What is the ten thousands digit of 12929?
1
What is the units digit of 99?
9
What is the thousands digit of 2282?
2
What is the tens digit of 5388?
8
What is the hundreds digit of 4559?
5
What is the thousands digit of 2090?
2
What is the tens digit of 101113?
1
What is the units digit of 7156?
6
What is the units digit of 50455?
5
What is the hundreds digit of 1561?
5
What is the hundreds digit of 8919?
9
What is the thousands digit of 1779?
1
What is the units digit of 1090?
0
What is the units digit of 9218?
8
What is the thousands digit of 13353?
3
What is the units digit of 109840?
0
What is the hundreds digit of 51982?
9
What is the tens digit of 39455?
5
What is the hundreds digit of 70927?
9
What is the hundreds digit of 1025?
0
What is the units digit of 5744?
4
What is the hundreds digit of 852?
8
What is the units digit of 1437?
7
What is the hundreds digit of 5559?
5
What is the thousands digit of 106892?
6
What is the thousands digit of 29975?
9
What is the hundreds digit of 6177?
1
What is the tens digit of 5026?
2
What is the tens digit of 75791?
9
What is the hundreds digit of 181?
1
What is the units digit of 35164?
4
What is the tens digit of 8687?
8
What is the tens digit of 18?
1
What is the thousands digit of 2466?
2
What is the thousands digit of 12920?
2
What is the tens digit of 36242?
4
What is the tens digit of 8022?
2
What is the hundreds digit of 5600?
6
What is the thousands digit of 2617?
2
What is the hundreds digit of 249?
2
What is the units digit of 2575?
5
What is the units digit of 1908?
8
What is the hundreds digit of 1087?
0
What is the thousands digit of 8847?
8
What is the hundreds digit of 19091?
0
What is the tens digit of 9634?
3
What is the hundreds digit of 625?
6
What is the tens digit of 26626?
2
What is the ten thousands digit of 190887?
9
What is the tens digit of 25786?
8
What is the hundreds digit of 11902?
9
What is the thousands digit of 1810?
1
What is the hundreds digit of 2438?
4
What is the units digit of 7308?
8
What is the tens digit of 712?
1
What is the hundreds digit of 12032?
0
What is the tens digit of 756?
5
What is the units digit of 958?
8
What is the thousands digit of 41672?
1
What is the thousands digit of 3178?
3
What is the tens digit of 41489?
8
What is the ten thousands digit of 17380?
1
What is the hundreds digit of 44275?
2
What is the units digit of 3147?
7
What is the thousands digit of 6157?
6
What is the hundreds digit of 525?
5
What is the units digit of 20201?
1
What is the thousands digit of 51911?
1
What is the hundreds digit of 3335?
3
What is the thousands digit of 26809?
6
What is the tens digit of 2790?
9
What is the hundreds digit of 99639?
6
What is the ten thousands digit of 28240?
2
What is the units digit of 804?
4
What is the tens digit of 881?
8
What is the hundreds digit of 141035?
0
What is the tens digit of 91?
9
What is the hundreds digit of 10037?
0
What is the thousands digit of 2926?
2
What is the tens digit of 60677?
7
What is the tens digit of 33921?
2
What is the hundreds digit of 4230?
2
What is the tens digit of 16901?
0
What is the units digit of 1288?
8
What is the units digit of 3568?
8
What is the ten thousands digit of 35107?
3
What is the units digit of 2085?
5
What is the tens digit of 40983?
8
What is the tens digit of 2034?
3
What is the thousands digit of 1928?
1
What is the ten thousands digit of 96740?
9
What is the hundreds digit of 479?
4
What is the units digit of 4075?
5
What is the tens digit of 6734?
3
What is the units digit of 763?
3
What is the tens digit of 87643?
4
What is the thousands digit of 116630?
6
What is the hundreds digit of 4987?
9
What is the ten thousands digit of 37512?
3
What is the thousands digit of 1379?
1
What is the hundreds digit of 58646?
6
What is the hundreds digit of 2243?
2
What is the units digit of 793?
3
What is the tens digit of 18973?
7
What is the tens digit of 691?
9
What is the tens digit of 709?
0
What is the thousands digit of 9235?
9
What is the thousands digit of 6485?
6
What is the hundreds digit of 2488?
4
What is the ten thousands digit of 24484?
2
What is the thousands digit of 1938?
1
What is the ten thousands digit of 34775?
3
What is the hundreds digit of 978?
9
What is the tens digit of 35448?
4
What is the hundreds digit of 106